What are the prime factors of s?
2, 389
Let u = 7530 - 3906. List the prime factors of u.
2, 3, 151
Suppose -3*h = 5*f - 9, -3*h = -h - 6. Suppose 3*b - 402 - 345 = f. What are the prime factors of b?
3, 83
List the prime factors of 16458 + (-11 + -2 + 10)*3.
3, 5483
Let c = -151 + 159. Let d(g) = 36*g - 16. What are the prime factors of d(c)?
2, 17
Let k(d) = 3*d**2 - 8*d + 10. Let x = 0 + 11. Let y be k(x). Suppose -25 + y = 4*v. List the prime factors of v.
5, 13
Let v be (-6)/15*-10*1555/10. Suppose 77*x = 79*x - v. List the prime factors of x.
311
Let g(q) = -71*q + 15 + 1 + 19*q. Suppose 0 = -4*t + 5*m - 17, 0*t - 10 = 2*t - 4*m. What are the prime factors of g(t)?
2, 43
Suppose 5*b + 1889 - 289 = 0. Let j = b - -474. List the prime factors of j.
2, 7, 11
Suppose -99 = -19*o + 16*o. Let x = o + -28. Suppose -x*f + 41 = 4*w, w + 2*f + 20 = 2*w. What are the prime factors of w?
2, 7
Let v(z) be the third derivative of -z**5/60 + z**4/6 + 5*z**3/6 + 11*z**2. Let r(m) = -3*m + 9. Let x be r(2). List the prime factors of v(x).
2
Suppose -4*m - 5*v = -816, 0*m = 2*m - v - 408. Suppose 4*i = 5*i - m. What are the prime factors of i?
2, 3, 17
Let u(s) = -2*s**2 - 67*s + 108. Let l be u(-35). Suppose -4584 = -l*p + 780. What are the prime factors of p?
2, 3, 149
Suppose 6*x = 5*x + 108. Let q = 114 - x. Let m(j) = -j**3 + 7*j**2 - 2*j + 30. What are the prime factors of m(q)?
2, 3
Let w be 1 + 0 + (24/(-3) - -2). Let r be (-68 + 0 - -3)*22/w. Suppose -286 = -4*f + r. What are the prime factors of f?
11, 13
Let y = 108544 - 74767. What are the prime factors of y?
3, 139
Suppose -k - 2 = 0, -2*k = b - 1317 - 2707. What are the prime factors of b?
2, 19, 53
Let o = 1901 - 2046. Suppose -5*w - 24 = 91. Let f = w - o. List the prime factors of f.
2, 61
What are the prime factors of (-1 + 3 - 0)/(-1*(-8)/160144)?
2, 10009
Let g(p) = p**2 - 4*p. Let d be g(5). Let m(v) = 102*v + 18. Let a be m(1). Suppose -x - 3*n = -0*x - a, 0 = -3*x + d*n + 416. What are the prime factors of x?
2, 3, 11
Suppose -47861 = -13*u + 15826. List the prime factors of u.
3, 23, 71
Let t = -3166 - -5715. Suppose 2*f + h - 6*h = 1012, -5*f + 3*h = -t. List the prime factors of f.
7, 73
Let l be 8/32 + (-183)/(-4). Let r = -18 + l. Let a = 46 - r. What are the prime factors of a?
2, 3
List the prime factors of (60/(-27))/(-5) - 7929/162*-494.
24179
Suppose 0 = 2*n - 4*q - 5848, 5*q = 5*n - 6*n + 2945. Suppose n = 10*d - 0*d. List the prime factors of d.
293
Suppose 70*n + 2880 = 90*n. Let v be ((-6)/(-4))/(1/2). Suppose -v*g = -7*g + n. What are the prime factors of g?
2, 3
Suppose 27*t + 3*t = 334110. Suppose 4445 = 14*l - t. List the prime factors of l.
3, 7, 53
Suppose -53 + 44 = 3*a. Let u be (a/(-12) - (-1234)/(-8)) + 2. Let g = u + 243. What are the prime factors of g?
7, 13
Let l(g) = -1165*g - 76. List the prime factors of l(-11).
12739
Let r = 2376 - 1116. What are the prime factors of r?
2, 3, 5, 7
Suppose 23*s - 13*s - 57*s + 2409502 = 0. List the prime factors of s.
2, 25633
Let v = -111 - -113. Suppose 0 = -4*s + 2*c + 38, -v*c - 23 = -3*s + 5. List the prime factors of s.
2, 5
Suppose 0 = -6*y + 226139 + 151189. List the prime factors of y.
2, 7, 1123
List the prime factors of ((-42)/(-48)*-786)/(3 - (-1539)/(-504)).
2, 7, 131
Let y(z) = 3*z**3 + 29*z**2 + 42*z + 3. Let u(d) = 16*d**3 + 147*d**2 + 210*d + 16. Let c(f) = 2*u(f) - 11*y(f). List the prime factors of c(-24).
431
Suppose -372*o = -379*o + 26243. What are the prime factors of o?
23, 163
Suppose -1628 = 27*j - 17612. Let q = -398 + j. List the prime factors of q.
2, 97
Let x = 418 + -386. List the prime factors of ((-786)/5)/(x/(-240)).
3, 131
Let l(g) = 1511*g - 88. Let b be l(3). Suppose -b = -4*p + f, -5*f = -4*p - f + 4460. List the prime factors of p.
2, 3, 5, 37
Let z(i) = 64*i + 1546. What are the prime factors of z(0)?
2, 773
Suppose -2757 = -5*y - 0*y - j, 4*y + 4*j = 2212. Let d = y - 167. What are the prime factors of d?
2, 3
Let d = -105 - -193. Suppose 17*s - 4757 = d. What are the prime factors of s?
3, 5, 19
Suppose -7*d = -x - 3*d + 8, 4*x = -3*d + 13. Suppose -5*p - 4*b - 180 = 0, p - 5 = -x*b - 41. Let l = p + 87. List the prime factors of l.
3, 17
Let w = -438 - -296. Let s(h) = h**3 - 2*h**2 + 17*h + 14. Let d be s(6). Let i = d + w. List the prime factors of i.
2, 59
Suppose a - 78585 = -4*u, -5*a - 11036 + 404025 = 4*u. What are the prime factors of a?
83, 947
Let c be 13 + 12/8 + (-7)/2. Suppose 45 = 2*n - c*n. Let u(q) = -11*q - 15. List the prime factors of u(n).
2, 5
Let m = 12 + -228. Suppose 14 = 2*n - 2*z + 5*z, -z + 28 = 3*n. List the prime factors of m/(-15) - n/25.
2, 7
Let q(j) = -3*j**3 - 19*j**2 + 40*j + 2*j + 2*j**3 + 0*j**3 + 2. Let w be q(-21). What are the prime factors of 4/16*6 - (-79)/w?
41
Let c(i) = -i**3 - 23*i**2 + 8. Let n be c(-23). Suppose -13*f + 2*r = -n*f - 6999, 0 = -4*f + 2*r + 5598. List the prime factors of f.
3, 467
Suppose -10520 = 38*o - 85152. List the prime factors of o.
2, 491
Let v(a) = 271*a + 3168. What are the prime factors of v(121)?
7, 11, 467
Let f(p) = -6*p**2 + 6*p - 7. Let g = -46 + 39. Let d(y) = 5*y**2 - 5*y + 7. Let j(t) = g*d(t) - 6*f(t). What are the prime factors of j(-5)?
23
Let n = 36 - 40. Let m be (-2)/n*(621 + -15). List the prime factors of 4/16 + m/4.
2, 19
Let o = -5527 - -10675. List the prime factors of o.
2, 3, 11, 13
Let z(s) = s**3 - 11*s**2 - 15*s - 112. Suppose 3*u = 70 - 25. What are the prime factors of z(u)?
563
Suppose -p + 2*m + 40749 = 13561, m + 163051 = 6*p. List the prime factors of p.
2, 3, 7, 647
Suppose -2206535 + 432392 = 80*g - 521*g. What are the prime factors of g?
3, 149
Let x = 116 - 113. Suppose -6*m = -2*m - x*y - 39, y - 3 = 0. Let u(n) = n**3 - 10*n**2 - 12*n + 12. What are the prime factors of u(m)?
2, 3, 13
Suppose -15000 = -14*u + 46222. What are the prime factors of u?
4373
Suppose 2*k + 99 = 105. Suppose 5*v + 6*m = 2*m + 3241, 0 = k*v - 5*m - 1915. List the prime factors of v.
3, 5, 43
Suppose 0 = 10*m - 40*m + 56550. Let h = 3821 - m. What are the prime factors of h?
2, 11
Let l = 22916 + 18412. What are the prime factors of l?
2, 3, 7, 41
List the prime factors of (-7 - (-7 + -5)) + -10 - -8439.
2, 4217
Suppose 0 = -24*q + 22*q, -2*o - 4*q = -q - 25096. What are the prime factors of o?
2, 3137
Let g = -44 + 55. Suppose 13*k - 18 = g*k. Suppose -k*l - 65 = -10*l. List the prime factors of l.
5, 13
Let a = -9933 - -9938. Let x(m) = m**2 + 4*m + 5. Let h be x(-4). Suppose a*s - 60 - h = 0. What are the prime factors of s?
13
Suppose 4*t + 174 - 838 = 0. Let l = t + -98. Suppose 262 = 2*n + l. List the prime factors of n.
97
Suppose 3*r - 4*h - 33176 = 7623, 3*r - 5*h - 40792 = 0. List the prime factors of r.
31, 439
Suppose -4*q + 129 = 505. Let h = 200 + q. List the prime factors of h.
2, 53
Let n be (-18)/10*270/(-81). Let v(i) = 166*i - 159. What are the prime factors of v(n)?
3, 31
Let g(u) = u**2 - 6*u - 31. Let t(z) be the first derivative of 2*z**3/3 - 6*z**2 - 62*z + 6. Let b(i) = 7*g(i) - 3*t(i). What are the prime factors of b(13)?
2, 3, 5
Suppose 146*w - 330*w + 167*w = -467364. List the prime factors of w.
2, 3, 29, 79
Let s(n) = n**3 + 26*n**2 - 50*n - 24. Let u be s(-26). Suppose 2120 = 5*x + 5*p, -4*x + 7*x = -4*p + u. List the prime factors of x.
2, 3, 5, 7
Suppose b - 18 = -g + 64, 288 = 4*g - 4*b. Suppose 3*n = 2*n - 2*r + 17, -5*n + g = 2*r. Suppose 1917 = n*a + 642. List the prime factors of a.
5, 17
Let b be (4122/(-10))/(144/(-480)). Let d = b - 827. List the prime factors of d.
547
Let a = 141 - 218. Let r = a - -113. List the prime factors of r/15 + -3 - (-356)/10.
5, 7
Suppose 11*i - 9*i - 236505 = -3*i. List the prime factors of i.
3, 15767
Let p(r) = 19*r**2 + 13*r. Let c be p(-1). Suppose 24*d = c*d + 36. What are the prime factors of d?
2
Suppose 1352 = 3*r + r. Suppose -5*u - 328 = 2*p + p, 5*u - r = 3*p. Let m = p + 280. List the prime factors of m.
13
Let y be 4/6 + 1 - 24/(-72). Suppose -y*j - 2 = 0, 2*r - r + 2*j = -16. List the prime factors of r/(2*(-3)/84).
2, 7
Suppose -5*x + 4*x + 6*g = 5*g, 0 = 2*g. Suppose -5*m - 5*t = -632 - 828, -4*m + 5*t + 1150 = x. What are the prime factors of m?
2, 5, 29
List the prime factors of 73037400/6396 + (-4)/(